{"id":247,"date":"2019-03-28T12:08:35","date_gmt":"2019-03-28T10:08:35","guid":{"rendered":"https:\/\/jp27.fi\/verkkokauppa\/?post_type=product&#038;p=247"},"modified":"2025-11-25T16:39:11","modified_gmt":"2025-11-25T14:39:11","slug":"jaakarit-selkotietokirja","status":"publish","type":"product","link":"https:\/\/jp27.fi\/verkkokauppa\/tuote\/jaakarit-selkotietokirja\/","title":{"rendered":"J\u00e4\u00e4k\u00e4rit &#8211; selkotietokirja"},"content":{"rendered":"","protected":false},"excerpt":{"rendered":"<p>Sivum\u00e4\u00e4r\u00e4 112.<br \/>\nJ\u00e4\u00e4k\u00e4ri -kirja on selkokielinen tietokirja. J\u00e4\u00e4k\u00e4rit -kirjan kirjoittanut palkittu tietokirjailija Pertti Rajala.<\/p>\n<p>Kirjan tekij\u00e4n kuvaus: &#8221;T\u00e4m\u00e4 kirja kertoo j\u00e4\u00e4k\u00e4reist\u00e4. Se kertoo siit\u00e4, miten miehet p\u00e4\u00e4siv\u00e4t salaa Saksaan sotilaskoulutukseen, palasivat Suomeen, ja taistelivat vapaussodassa itsen\u00e4isen Suomen puolesta. Jokaisen suomalaisen on hyv\u00e4 tiet\u00e4\u00e4, keit\u00e4 j\u00e4\u00e4k\u00e4rit olivat. Viel\u00e4 t\u00e4rke\u00e4mp\u00e4\u00e4 on tiet\u00e4\u00e4 j\u00e4\u00e4k\u00e4rien merkitt\u00e4v\u00e4 osuus Suomen itsen\u00e4istymisess\u00e4 ja my\u00f6s talvi- ja jatkosodan taisteluissa, joissa Suomi s\u00e4ilytti itsen\u00e4isyyden.&#8221;<\/p>\n","protected":false},"featured_media":248,"comment_status":"open","ping_status":"closed","template":"","meta":{"_et_pb_use_builder":"","_et_pb_old_content":"","_et_gb_content_width":"","inline_featured_image":false},"product_brand":[],"product_cat":[25],"product_tag":[],"class_list":{"0":"post-247","1":"product","2":"type-product","3":"status-publish","4":"has-post-thumbnail","6":"product_cat-kirjat","7":"product_shipping_class-pieni","9":"first","10":"outofstock","11":"taxable","12":"shipping-taxable","13":"purchasable","14":"product-type-simple"},"_links":{"self":[{"href":"https:\/\/jp27.fi\/verkkokauppa\/wp-json\/wp\/v2\/product\/247","targetHints":{"allow":["GET"]}}],"collection":[{"href":"https:\/\/jp27.fi\/verkkokauppa\/wp-json\/wp\/v2\/product"}],"about":[{"href":"https:\/\/jp27.fi\/verkkokauppa\/wp-json\/wp\/v2\/types\/product"}],"replies":[{"embeddable":true,"href":"https:\/\/jp27.fi\/verkkokauppa\/wp-json\/wp\/v2\/comments?post=247"}],"wp:featuredmedia":[{"embeddable":true,"href":"https:\/\/jp27.fi\/verkkokauppa\/wp-json\/wp\/v2\/media\/248"}],"wp:attachment":[{"href":"https:\/\/jp27.fi\/verkkokauppa\/wp-json\/wp\/v2\/media?parent=247"}],"wp:term":[{"taxonomy":"product_brand","embeddable":true,"href":"https:\/\/jp27.fi\/verkkokauppa\/wp-json\/wp\/v2\/product_brand?post=247"},{"taxonomy":"product_cat","embeddable":true,"href":"https:\/\/jp27.fi\/verkkokauppa\/wp-json\/wp\/v2\/product_cat?post=247"},{"taxonomy":"product_tag","embeddable":true,"href":"https:\/\/jp27.fi\/verkkokauppa\/wp-json\/wp\/v2\/product_tag?post=247"}],"curies":[{"name":"wp","href":"https:\/\/api.w.org\/{rel}","templated":true}]}}